e (-19 + 1)*70/(-6). Suppose 3*y + 2*y - q = 0. Suppose -y = 3*v - 8*v + 3*f, -4*f = -4. List the prime factors of v.
3
What are the prime factors of (12/(-10))/(4/(-20))?
2, 3
Suppose 0 = 3*m - 12, 8*c + m - 20 = 4*c. Suppose 93 = c*j - 5*i, -j = -3*i - 7 - 11. List the prime factors of j.
3
Let g = -51 - -81. What are the prime factors of g?
2, 3, 5
Let p(y) = 0*y + 19*y**2 + 0*y + 0*y + y. Let z be p(1). List the prime factors of (1 + 0)*z/2.
2, 5
Let f = 9 - -3. What are the prime factors of f?
2, 3
Suppose -4*o + 211 = 5*p, 0*o = -5*p - 3*o + 212. What are the prime factors of p?
43
Suppose 8*s = -6*s + 1694. List the prime factors of s.
11
Let y = 6 + -10. Let n = 13 + y. List the prime factors of n.
3
Let z(y) = -y**3 - 3*y**2 - 3*y - 3. Let f be z(-3). List the prime factors of ((-33)/f + 1)*-2.
3
Let u = 115 - 59. What are the prime factors of u?
2, 7
Suppose 11*y = 710 + 1314. List the prime factors of y.
2, 23
Let y = 10 - -9. Let d = -37 + y. What are the prime factors of (6/4)/((-3)/d)?
3
Let p(i) = -i**2 - 2. Let q be p(0). Let z(v) = -v**3 - 2. List the prime factors of z(q).
2, 3
Let s = -25 + 64. List the prime factors of s.
3, 13
Let l(u) = 4*u - 3. Let v be l(2). Suppose 0 = x + b - 4, x - v*x + 4*b = 8. What are the prime factors of 2 + (1 - 1) + x?
3
Suppose 1320 = -0*u - 5*u. What are the prime factors of u/(-20) - 2/10?
13
Let m be (-4 + 5)*(1 + -1). Suppose -2*c - 2 + 18 = m. What are the prime factors of c?
2
Let b(n) = n**3 + 6*n**2 - n - 4. Let a be b(-6). Suppose 4*l + 3*o - 157 = 0, l - 2*l - a*o = -43. List the prime factors of l.
37
Let h = 11 - 9. What are the prime factors of h?
2
Let n(f) = 25*f**3 - 2*f**2. Let p = 24 + -23. List the prime factors of n(p).
23
Suppose 6*g - g = -110. Let x = g - -44. What are the prime factors of x?
2, 11
Let f be (-2)/(1 - 7)*-6. Let h be 3/1 + (f - -2). Let j = 6 - h. List the prime factors of j.
3
Let c(v) = 43*v**2 + 2. List the prime factors of c(1).
3, 5
Let o(x) = -x - 2. Let r be o(-5). Suppose v - 3 = -2*v - 4*g, 0 = 3*v + 5*g - r. List the prime factors of (2/v - 1)*14.
2, 7
Let c(m) = -m**3 - 11*m**2 - m - 11. Let p be c(-11). Suppose p = 3*f + 3*h - 48, 9 + 24 = 3*f - 2*h. List the prime factors of f.
13
Suppose -4*r + 28 = 4*f, -2*f + 2*r = -3 - 3. Suppose -m + f = -1. Let x(q) = -q**2 + 8*q + 3. What are the prime factors of x(m)?
3, 5
Suppose -w = -0*w + 8. Let d = w + 13. List the prime factors of d.
5
Let w = -44 - -74. Let v = -8 + w. List the prime factors of v.
2, 11
Let c(o) = o**3 - 3*o**2 + 2*o + 2. Suppose -4*q + 4 = -4. Let f be c(q). Suppose 4*i + 9 = 4*t - 3, 5*t = f*i + 12. List the prime factors of t.
2
Let p be (10/6)/((-2)/96). Let t = 140 + p. Suppose -4*z + s = -t, -2*z - 5*s + 3*s = -30. What are the prime factors of z?
3, 5
Suppose 3*q + 2*r = 5 + 8, -5*q - 5*r + 30 = 0. Let g be ((-7)/(-3) - q)*3. Suppose -3*s + 3*v + 5 + 28 = 0, g*s + 2*v = 32. What are the prime factors of s?
3
Suppose -a + 0 = -10. Let t = a - 6. List the prime factors of t.
2
Suppose -166 = -z + 3*n + 125, -2*z + 606 = 2*n. What are the prime factors of z?
2, 3, 5
Let z = -58 + 112. What are the prime factors of z?
2, 3
Let y(x) = -4 + 2*x + 1 + 3 + 1. List the prime factors of y(5).
11
What are the prime factors of (-638)/(-8) - (-14)/56?
2, 5
Let f = 14 + 20. What are the prime factors of f?
2, 17
What are the prime factors of (-5 + -31)*(-10)/8*3?
3, 5
Suppose 4 = t + 3*t. Let s = 12 + t. List the prime factors of s.
13
Suppose -5*w = -256 + 36. List the prime factors of w.
2, 11
Let a = 159 - 107. List the prime factors of a.
2, 13
Let p(j) = -3*j - 5. Let t be p(-4). Let v(y) = -y**2 - 2 + 0 + 3 + 8*y. List the prime factors of v(t).
2
Let v be 0/(-2 + (1 - 2)). Suppose 57 = 3*u - v*u. List the prime factors of u.
19
Let h(n) = -n**2 + 14*n - 9. Let i be h(13). Let v(l) = -4*l + 1. Let p be v(i). Let s = p + 24. List the prime factors of s.
3
Let s be (405/(-9))/(-1 - 0). Suppose -4*m + s = -3. What are the prime factors of m?
2, 3
Suppose -2*c + 5*r = 4 - 99, 2*c - 2*r - 86 = 0. List the prime factors of c.
2, 5
Let c be (-1)/4 + 25/4. Let t(h) = h**3 - 11*h + 4*h + 3 - h**2 + c*h**2. List the prime factors of t(-6).
3
Let s be (-4)/30 + 4/30. Suppose -2*a - l + 0*l + 60 = s, 3*l = 2*a - 44. List the prime factors of a.
2, 7
Suppose 0 = 3*d - 4*u + 4, -5*d - 2*u + 3 = u. Suppose 17 = 5*m - 3*n, 2*n + 6 = -m - m. What are the prime factors of 8 - -4 - (m + d)?
11
Let i = -3 - -16. Let l = i + -6. List the prime factors of l.
7
Let r = -10 + 16. Let n = 33 - r. What are the prime factors of n?
3
Let l be -2*-1*15/6. Suppose 2*x = -4*a + 2, 0 = l*x - x - a - 13. List the prime factors of 2/(-1) + 4*x.
2, 5
Suppose -r = -0*r - 6. What are the prime factors of r?
2, 3
What are the prime factors of -1*(0 + -3) + 73 - -1?
7, 11
Suppose 2*o = 2*u, o - 3 = -o + u. Suppose -3*s + 45 - o = 0. What are the prime factors of s?
2, 7
Suppose -13*r + 975 = -8*r. List the prime factors of r.
3, 5, 13
Let f(l) = -l**3 + l + 2. Let q be f(0). Let p(j) = 7*j - j**3 - j**q + 9 - 5*j**2 + 0*j**2. What are the prime factors of p(-7)?
3
Let a = 34 + -8. Suppose 0 = -3*l + 31 + a. What are the prime factors of l?
19
Suppose 0 = 3*t + 5*h - 38, -5 = -4*t + 3*h + 7. List the prime factors of t.
2, 3
Let n be (-26)/(-6) + 1/(-3). Let m = 17 + n. Let w = m + -12. What are the prime factors of w?
3
Let q = -45 + 89. List the prime factors of q.
2, 11
What are the prime factors of (-9)/6*(-152)/6?
2, 19
Let n = -41 + 122. List the prime factors of n.
3
Suppose 0 = 2*a - 2*u + 30, 4*u + 21 + 31 = -4*a. Let y = -10 - a. List the prime factors of y.
2
Let k(v) = 2*v**2 - 8*v + 11. List the prime factors of k(11).
3, 5, 11
Let i(o) = -o + 9. Let u be i(7). Suppose -42 = -u*q + 6. What are the prime factors of q?
2, 3
Let s(i) = i**2 - 6. Let r be s(0). Let x(p) = -p**2 - 8*p - 8. Let g be x(r). Suppose -g*f = -4 - 16. What are the prime factors of f?
5
List the prime factors of -2*85/2*(-42)/30.
7, 17
Suppose 2*m = -2*h + 60 + 18, 3*m + h = 111. Let o = m - 25. List the prime factors of o.
11
Let a(t) = 7*t**2 - 3. List the prime factors of a(-2).
5
Let o(x) = -103*x**3 + x. Let z be o(-1). Suppose 0*w = 3*w - z. What are the prime factors of (-1)/(3 - 104/w)?
17
Let j = 1 + 3. List the prime factors of j.
2
Let s(d) = -d**3 + 6*d**2 + 6. Let t be s(6). What are the prime factors of -6*t/(-8)*6?
3
Let n = -4 - -4. Suppose 4 = r - n. List the prime factors of r.
2
Suppose -46 - 19 = -5*u. Suppose -4*k = u - 65. What are the prime factors of k?
13
Suppose 5*t + 5*o - 1725 = 0, 4*o - 4 = 2*o. List the prime factors of t.
7
Suppose 5*b + 4*q = -104, 0*b - q - 21 = b. Let i be (-12)/(-5) + 8/b. Suppose 2*z - 2*y = -3*z + 66, -i*y = 6. What are the prime factors of z?
2, 3
Let b = -2 - 0. Let g(d) = -8*d - 2. List the prime factors of g(b).
2, 7
Let q(s) = s**2 - 8*s - 12. Let h(t) = 2*t - 11. Let d be h(12). What are the prime factors of q(d)?
53
Let u = 219 + -105. Suppose 5*o + x - u = 0, -3*o - o - x + 92 = 0. What are the prime factors of o?
2, 11
What are the prime factors of (1 + -9)*(-1 + 0)?
2
What are the prime factors of (-14)/(-1) - (13 + -11)?
2, 3
Let l(z) = 3*z**3 - 2*z - 3. Let f be l(3). Suppose -2*p - f = -3*j, 23 = j - p - 0. List the prime factors of j.
2, 13
Suppose -6*l + 8 = -4*l. Suppose 3 = 3*p - 3. Suppose r + 4*o = -r, -p*o - 20 = -l*r. List the prime factors of r.
2
Let r = 70 - 52. Let b = -10 + -2. Let s = b + r. What are the prime factors of s?
2, 3
Suppose -57 = -3*y + 27. What are the prime factors of y?
2, 7
Let o(v) = -2*v - 1. Let n be ((-9)/(-2))/(12/(-16)). List the prime factors of o(n).
11
Let m = -25 - -54. What are the prime factors of m?
29
Let t(r) = -2*r - 2. What are the prime factors of t(-6)?
2, 5
Let s(a) = 4*a**3 - 1. Let r be s(1). Suppose 1 = -f + 4*p, 4*f - 5*p + 2 = r*f. Suppose -f*n = g - 2*n - 7, -5*g - n = -47. What are the prime factors of g?
2, 5
Suppose 2*n + 722 = 4*c, -c + 4*c + n = 529. List the prime factors of c.
2, 89
Let h be (-13)/(-2)*(-8)/(-1). List the prime factors of -6 + (0 - -2) + h.
2, 3
Let b be 21/(-35)*(-5)/1. Suppose -4*y = -4*j + 64, b*j = -5*y + 21 + 19. List the prime factors of j.
3, 5
Let k = -649 - -997. List the pr